54*f + 2 - 3165*f. Let c(v) = -5*i(v) - t(v). Give c(-6).
31
Let m(n) be the first derivative of -n**3/3 - 5*n**2/2 - 4*n - 8. Let u = -22 - -23. Let y(c) = -5*c**3 - 2*c + 1. Let a be y(u). Calculate m(a).
-10
Let r(l) = l**2 - 8*l + 6. Suppose 0 = 2*k - 4*h - 36, 0 = -71*h + 73*h + 10. What is r(k)?
6
Let m(q) = q**2 + q**2 + 2404 - 6*q - 53*q - 2435. What is m(30)?
-1
Let d(i) = -6*i + 3. Suppose 265 = -7*h - 127. Let q = -54 - h. Suppose l - 15 = -3*l + 3*a, 5 = q*l + a. What is d(l)?
-15
Let y(q) be the second derivative of q**4/12 + 7*q**3/6 + 5*q**2/2 - 3236*q. Calculate y(-4).
-7
Let z(c) = c**3 - c**2 + 13607 - 13611 - 4*c - 2*c**2. Determine z(-4).
-100
Let u(g) = -2*g**3 - 32*g**2 + 39*g + 89. Let p be u(-17). Let k(o) = 7*o**2 + 2*o + 1. What is k(p)?
121
Suppose 0 = 2*v + 50*v + 208. Let c(w) = w**3 + 2*w**2 - 6*w - 1. What is c(v)?
-9
Let f(b) = -b**3 - 11*b**2 + 12*b + 2. Suppose 0 = -k - 1 + 3. Suppose -2*j - 28 = k*o - 0, 5*o + 66 = -3*j. What is f(o)?
2
Let v(b) = b. Suppose -k + 25 = -0*k. Suppose 0 = -14*n + k - 487. Let o = -34 - n. Calculate v(o).
-1
Let w be -15*(-7)/21 + (-6)/(-3). Let u(f) = -8*f**2 + 17*f + 6. Let x(y) = 11*y**2 - 26*y - 9. Let q(b) = w*u(b) + 5*x(b). Calculate q(-10).
7
Let u(n) = -194*n - 192*n - 25 + 586*n - 193*n. Calculate u(6).
17
Let o(n) = -n**3 + 6*n**2 - 3*n - 6. Let b be o(5). Let z(i) = i + b - 2*i + 2*i. Suppose 0 = -7*v + 73*v - 264. What is z(v)?
8
Let m(f) = -f**2 + 11*f + 38. Suppose -6*q - 76 = -22*q + 35*q. Give m(q).
-22
Suppose 0 = -y - 2*y + 3. Let h(k) = -1 + 6*k + k + y + 2. Let z = -122 + 120. Give h(z).
-12
Let h(q) = 18*q**2 - q + 1. Let z(f) = 7*f + 25. Let a be z(-5). Let s(n) = n**2 + 12*n + 21. Let o be s(a). What is h(o)?
18
Suppose 0 = -3*f + 5*d + 105, 30 = f - 5*d - 15. Suppose 126*v + f = 121*v. Let l(o) = o**2 - 1 + 0 + 2 + 8*o. What is l(v)?
-11
Let n(g) = 16*g - 8. Let a(d) = 749*d - 1. Let v be a(0). Give n(v).
-24
Let u(r) = r**2. Suppose 0 = -m + 4*x + 22, 4*m + 3*x = 3*m - 13. Suppose 0*g - 3*g = m*t - 52, -2*g - 4*t + 24 = 0. Let v be 10*((-28)/g + 1). Calculate u(v).
16
Let j be 6*3*(-7)/(-21). Let y(l) be the second derivative of l**3 - 33*l**2/2 + l. Let z be y(j). Let k(o) = -o**3 + 2*o**2 + 2*o + 1. Determine k(z).
-2
Let h(v) = 11*v**2 + 25 + 42*v + 4*v**2 - 16*v**2 + 2*v**2 - 12*v. Calculate h(-29).
-4
Let s(c) = -c**3 - 3*c**2 - 2*c - 1. Let a be (10/(-45)*267)/((-4)/12). Let b = -181 + a. Determine s(b).
5
Let o(d) be the first derivative of -d**4/24 - d**3/2 - d**2/2 + 38*d - 9. Let b(n) be the second derivative of o(n). Suppose -2*t + 18 = t. Calculate b(t).
-9
Let l = 93 + -95. Let d be ((-15)/l)/((-3)/4). Let k(t) = -t**2 - 10*t + 12. Calculate k(d).
12
Suppose 59 - 20 = 2*y - 5*s, -y = -s - 9. Let h(u) be the first derivative of 1/3*u**3 - y*u**2 + 18 - 2*u. Calculate h(4).
-2
Let o(w) = -w**2 + 9*w - 6. Let m(v) = -v + 1. Let z(i) = 6*m(i) + o(i). Let g = -527 - -534. Give z(g).
-28
Let n(g) = -g**3 + 6*g**2 + 9*g - 10. Let j = 994 - 362. Let w = -625 + j. Calculate n(w).
4
Let b(m) = 36*m - 912. Let y(h) = -6*h + 145. Let s(j) = -6*b(j) - 39*y(j). Calculate s(10).
-3
Let x(t) = -591672*t**3 + 591673*t**3 - t + 11*t**2 + 3 + 3. Give x(-11).
17
Suppose -37 + 1 = 6*r. Let m(g) = g**2 + 4*g + 1. Let v be m(-6). Let i(x) = -2 - x + v - 4. Give i(r).
13
Let p(n) = 2*n**3 + 5*n**2 + 3*n + 2. Let u(f) = -227*f + 2267. Let o be u(10). Give p(o).
-16
Let p(o) = -70*o + 5. Let z(d) = -58*d + 4. Let i(l) = 7*p(l) - 8*z(l). Determine i(-1).
29
Let g(o) = -o**3 - 3*o**2 - o + 2. Let j = -80 + 84. Suppose 2 = w - j. Let n be 3/(3 - 27/w). Determine g(n).
0
Let k be 4/(-8)*0/4. Let b(z) = -2 - 343*z**3 + 0*z + 344*z**3 + z. Give b(k).
-2
Let d(n) be the first derivative of -7*n**2/2 - 33*n + 986. Give d(-4).
-5
Let f(o) = -1 - 20 + 9 + 11*o - 11. Let c be f(2). Let d(w) = -w**3 - w. Determine d(c).
2
Let w be (1 - 2)/((2/(-19))/2). Let d = w + -14. Let g(h) = -2*h + 5 - 5 - 2 - d*h**2 + 3*h**2. Calculate g(-2).
-6
Let w(l) = -386*l + 51. Let z(u) = -u**2 - 109*u - 1. Let k(d) = -w(d) + 4*z(d). Calculate k(-11).
11
Let j(p) = -p**3 + 5*p**2 + 36*p - 2. Suppose 3*d + 45 = 5*w, 0 = 9*w - 7*w + 3*d - 18. Calculate j(w).
-2
Let n(w) = -w**2 - 16*w - 72. Let f = -5128 - -5119. Determine n(f).
-9
Let q(d) be the third derivative of -d**5/30 - 13*d**4/24 + 4123*d**2. What is q(-6)?
6
Let g(u) be the third derivative of u**6/120 - u**5/30 - u**4/4 + u**3 - 2*u**2. Let b(h) = 340*h - 3396. Let q be b(10). What is g(q)?
14
Let z(m) be the first derivative of m**2/2 - m - 226. Calculate z(-5).
-6
Let r be (-3)/4 - (-33)/12. Let i = 72 + -69. Let p(v) = -v**3 + 7*v**2 + 4*v**i - 2*v**2 - 2*v**r + 2*v. What is p(-2)?
-16
Suppose 3*o = 2*o + b + 6, -2*o + 4*b = -12. Let y(i) = 12 - 1341878*i + 2683749*i - 1341872*i. Calculate y(o).
6
Let m(a) = -3 - a**3 - a**2 + 122*a - 125*a + 2. Let o = 4 - 2. Suppose 4 + o = -3*y. Determine m(y).
9
Let r(a) = a**3 + 11*a**2 - 12*a - 11. Let z be r(-12). Let d = z + 16. Let k(b) = 21*b - 7*b - d*b - 8*b. Determine k(-4).
-4
Let d(f) be the second derivative of 3*f**4/4 - 19*f**3/3 + 5*f**2/2 + 3320*f. Give d(3).
-28
Let n(w) = w**2 + w + 19. Suppose 3*k - 828 = -4*x, -13*x = -2*k - 12*x + 552. Let d = k - 276. What is n(d)?
19
Suppose -5 = 3*j - 14. Let n(q) = -15*q**3 - q + 4*q - 4 + 14*q**j + 2*q**2. Calculate n(3).
-4
Let f(v) = 2*v**2 - 8*v - 3. Let w(t) = 128*t - 7166. Let u be w(56). What is f(u)?
-11
Suppose 3*l - 4 = -n - 0*l, 5*l - 5 = -2*n. Suppose 13*p + 33 = 72. Let b(t) = 8*t**2 + t + 40*t**3 - 6 + 7 - p*t**2 - 39*t**3. Determine b(n).
-4
Let p be (6/(-10))/3 - 16/(-5). Suppose p*w + 16 = 11*w. Let u(k) = 6*k**2 - k. What is u(w)?
22
Let g(x) = x**2 + 27*x + 20. Let d = -21 + 52. Let b = 5 - d. Let p be g(b). Let v(n) = -n**3 - 5*n**2 + 5*n - 2. Determine v(p).
4
Let q = 159 - 149. Let a(b) = -12*b - 13 + 21*b - q*b. What is a(-6)?
-7
Let j(x) = x**2 + 7*x - 1. Let i(l) = -l**3 - 16*l**2 - 10*l + 40. Let g be i(-17). Let w = -703 + g. Let d be (1/2)/(17/w). Give j(d).
-7
Suppose 0 = -b - 4, -b = 4*m - 2*m + 2. Let c be (m + -2 + 2)/((-1)/(-37)). Let l = -33 + c. Let u(r) = -2*r + 1. Give u(l).
-7
Let w(h) be the second derivative of -h**3/3 + h**2 + 44*h. Suppose 7*v = v - 48. Let p = 10 + v. Calculate w(p).
-2
Let u(m) be the third derivative of 13*m**5/60 + m**4/24 - m**3/6 - m**2. Suppose 31 - 4 = j + 3*i, -2*j - 2*i = -38. Suppose 7 - 22 = -j*z. What is u(z)?
13
Suppose -4*w - 4 = -12. Let c = 77 - 73. Let l(h) = -8*h + w*h - c + 5*h. Determine l(8).
-12
Let y(m) = 2*m**2 - 3*m - 3. Suppose 1633 + 1775 = -6*z. Let l = 571 + z. What is y(l)?
6
Let r(o) be the first derivative of 3*o**2/2 + 17*o - 60. Let m = 128 - 135. Give r(m).
-4
Let n(r) be the first derivative of r**2 + 2/3*r**3 + r - 7/4*r**4 + 5. Determine n(-1).
8
Let a(r) = 11*r**2 - 25 - 16*r - 12*r**3 + 35*r**3 - 16*r**3 - 14*r**3 + 6*r**3. What is a(9)?
-7
Let h(b) = -2*b**2 - 39*b - 39. Suppose 0 = 2*r - 178140 + 178176. Calculate h(r).
15
Suppose 0 = -4*n - 2*l + 14, -3*n = -5*n + 4*l - 18. Let h(x) = -206*x**2 - 9*x - 14. Let v(p) = -49*p**2 - 2*p - 3. Let j(d) = 2*h(d) - 9*v(d). Calculate j(n).
28
Let d(z) = -18*z**2 - 197*z - 12. Let k(q) = 18*q**2 + 183*q + 11. Let x(o) = -13*d(o) - 14*k(o). Give x(2).
-72
Let u(h) = -4*h - 5. Let t(b) = -b**3 - 8*b**2 - 7*b + 15. Let w be t(-7). Suppose -27 = -3*o - w. Give u(o).
-21
Let d(b) = -b**3 - 4*b**2 + 2*b - 6. Let v = 305 - 304. Suppose i + 0 = 5. Let x be (i/(-1))/((-1)/(0 - v)). What is d(x)?
9
Let m(s) = 5*s**2 - 4*s - 2. Let a(b) = 22*b**2 - 18*b - 9. Let g(v) = 2*a(v) - 9*m(v). Suppose 6 = 13*i - 12*i. Determine g(i).
-36
Let k(c) = 286*c - 285*c + 9 - 10 - 6. Determine k(-2).
-9
Let b = -126 + 118. Let h(u) = 2*u + 18 - 2*u + u. Determine h(b).
10
Suppose -3*y = 2*t - 3, 4*t - 2 + 3 = y. Let n(i) = 5 + 7*i - 118*i**2 + 119*i**2 + t*i. Give n(-7).
5
Let p(i) = -2*i - 1. Let d(w) = w**3 + 11*w**2 + 25*w + 12. Let g be d(-8). Suppose 3*c - 13 - 6 = g*o, -c + 13 = -3*o. Calculate p(c).
-3
Let o(p) = 9 + 2 + 6*p - 3*p. Suppose 751008*d - 750964*d = -220. What is o(d)?
-4
Let k(r) = -2*r - 5 + r - r**2 + 35 + 16. Let y be (55/380 + (-12)/(-114))*0. Calculate k(y).
46
Let p(g) = 1 - 20 + 52 - 16 - 1 + 10*